ose 2*g - 3*l = -46, -2*g + 0*g = -l + 38. Let v be (-2)/g + (-147)/(-51). Suppose 0 = 5*k - v*i - 200, i - 81 = -2*k + 2*i. Is 14 a factor of k?
False
Is 29 a factor of (5736 - -1) + (-452)/(-113)?
False
Let j be ((-11)/3)/((-2)/42). Suppose -18*a = 4*a - 6*a - 816. Suppose 4*b - j = 4*f + a, 5*f + 70 = 2*b. Does 17 divide b?
False
Let f = 69 + -2. Let m = -65 + f. Does 3 divide 148/6 + 3 + m/(-3)?
True
Let q be 15 + -10 - (-741)/1. Suppose 0 = -2*g + 3*g + 3*o - 190, -4*g - 5*o = -q. Is g a multiple of 7?
False
Let a(s) = s**3 - 4*s**2 + 1. Let t(c) = 2*c**3 - 5*c**2 - 2*c. Let x(w) = -6*a(w) + 2*t(w). Suppose 0 = 2*v - 12. Does 42 divide x(v)?
True
Suppose 3*j = 65*j + 77*j - 460368. Is j a multiple of 16?
True
Let l = 1264 - -2304. Is 61 a factor of l?
False
Is ((-6831)/45 - 10 - -1)/((-1)/10) a multiple of 79?
False
Let b be ((-1665)/(-6))/(15/(-20)). Let v = -47 - b. Does 17 divide v?
True
Is 21 a factor of (-196)/(-11 - (-328)/30)?
True
Let l be 6*3/(-8)*(4 + -8). Suppose -l*f - 11*f = -5460. Is f a multiple of 21?
True
Suppose 0 = -4*l + 12, -4*m + 27601 = -4*l - 27171. Is 128 a factor of m?
True
Let h(i) = -4*i**2 - 16*i - 15. Let s be h(-8). Let a = -10 - s. Is 19 a factor of a?
True
Let h(g) = -6*g - 31. Let z be h(-6). Let o(x) = 16*x**2 + 6*x + 5 - 4*x**2 - 9*x**2. Is 22 a factor of o(z)?
True
Suppose -5*q + 10*q + 10 = 0. Let j(m) = -48*m**2 + 0*m + m - 4*m + 63*m**2 - 6. Is 11 a factor of j(q)?
False
Let i(t) = -15*t - 132. Let l be i(-11). Suppose -21*f = -l*f + 1488. Is f a multiple of 31?
True
Let t(s) = 4*s**3 + 10*s**2 - 3*s - 74. Does 8 divide t(10)?
True
Let v(s) = 2*s**2 - 114*s - 351. Is v(-51) a multiple of 13?
False
Let x(n) = n**3 - 52*n**2 + 50*n + 53. Let l be x(51). Let b be 5/((-30)/(-16))*3. Suppose 0 = -3*s + o + 193, 5*o - b = l. Is s a multiple of 13?
True
Let c(j) = -j**2 - 7*j + 8. Let d be c(-8). Suppose -3*o - 3*r - 369 = d, o + o = 3*r - 226. Let s = o + 133. Does 4 divide s?
False
Let k = 14340 + -11340. Is 25 a factor of k?
True
Suppose 0 = 3*g - 2*g - 44. Suppose 7*d - 180 = -5*d. Let k = g + d. Is 26 a factor of k?
False
Suppose -21*d = -622 - 638. Is 16 a factor of (-114)/(-9)*8/(32/d)?
False
Suppose -5*v = -708 - 1292. Let m = v - -35. Does 15 divide m?
True
Suppose 9*l - 1036 = -9955. Let n = 662 - l. Is 19 a factor of n?
True
Let w(u) = u + 3 + 9 - 1. Suppose -x + 9*v + 8 = 14*v, -4*x + 4*v + 8 = 0. Is 3 a factor of w(x)?
False
Let c be (-2)/25 - (-98540)/500. Suppose -925 = -5*z + 5*a, 5*a + c = 16*z - 15*z. Does 13 divide z?
True
Let y = 3914 - 1937. Is y a multiple of 5?
False
Does 79 divide (-70)/14 + 6254 + (0 - -2)?
False
Let d = 3602 - 2834. Is 16 a factor of d?
True
Let d(q) = 5*q**2 - 9*q + 9. Let i be d(6). Suppose -4*n = -129 - i. Is 6 a factor of n?
True
Let b be (-41)/(-1) + -25 + 26. Suppose -3*a + 93 = 3*s, -3*s + a = -b - 55. Is s a multiple of 3?
False
Suppose 0 = 4*q - 3*q + 3*k + 9, 4*q - 15 = 5*k. Suppose 0 = -22*x + 27*x - 2*r - 162, 4*x + 3*r - 148 = q. Is x a multiple of 17?
True
Let j be 6/21 - 740/(-7). Suppose -8*q - 12 = -12*q. Suppose q*s = j + 104. Is s a multiple of 14?
True
Let n = 22 - -36. Suppose n*i + 20 = 59*i. Is 5 a factor of i?
True
Suppose 38*t - 8280 = 8*t. Suppose -245*a = -241*a - t. Is a a multiple of 23?
True
Let f(o) = o**3 + o**2 - 7*o - 9. Let i be f(-2). Suppose 0 = 5*g - 2*s - 2964, -s + 2 = -i. Is g a multiple of 22?
True
Suppose 19 = 2*s - 5*m - 15, -m - 11 = -s. Suppose 2*x = -s*x. Suppose -2*b - 6 = x, -5*h - 4*b + 458 = -5*b. Is 11 a factor of h?
False
Let b(v) = 29*v**2 + 225*v + 451. Does 3 divide b(-2)?
True
Suppose 0 = w - 5 - 318. Suppose 3*f = -5*c + 532, -3*c - 3*f + w = -5*f. Is c a multiple of 6?
False
Is 8 a factor of ((-5)/(-3))/((-35)/(-213024))?
True
Let c(z) = -z**3 + 7*z**2 + 3*z + 43. Let a be c(8). Suppose 31 + 19 = -5*o. Is 0 + (a/5 - 1364/o) a multiple of 31?
False
Let a = -117 - -168. Suppose -5*m - 66 + a = 0. Let z(f) = -f**3 - 4*f**2 - 5*f + 1. Does 6 divide z(m)?
False
Let t(f) = 40*f + 1. Suppose 5*q + 7 = 5*s + 47, 23 = -s + 4*q. Let w be t(s). Does 23 divide (-2 + w/(-2))/(12/24)?
True
Let z be 5/4 + -1 - 266/(-56). Suppose -3*n - z*i + 464 = 0, -i + 37 = n - 121. Suppose 3*s - 401 + n = -4*d, -5*s + 354 = -4*d. Is 37 a factor of s?
True
Let j = -541 + 58. Let f = 1174 + j. Is 68 a factor of f?
False
Let j(v) = 2*v**2 + 4*v - 3. Let z be j(1). Suppose -z*t = -t - 6. Let k(c) = 4*c**3 + c**2 + 4*c - 12. Is 11 a factor of k(t)?
False
Let w(f) = 13*f**2 + 21*f - 22. Let n be w(-9). Suppose -4*r = -o - 363 - 315, 5*r = 4*o + n. Is 17 a factor of r?
True
Suppose 236*n + 315576 = 254*n. Does 9 divide n?
True
Let c(i) be the third derivative of -17*i**4/8 - 6*i**3 - 6*i**2 + 3. Does 15 divide c(-6)?
True
Suppose 3*f + z = 2797, f - 757 = -4*z + 168. Suppose 5*d = 25, -w = 2*w + 3*d - f. Does 17 divide w?
True
Does 6 divide (117726/(-18))/((-14)/6)?
False
Suppose -2*m = -4, 11*m = -2*b + 14*m + 7770. Suppose -31*j + b = -22*j. Does 8 divide j?
True
Let n(z) = 5*z**3 - 4*z**2 - 4*z - 21. Let u(o) = -11*o**3 + 11*o**2 + 7*o + 43. Let a(l) = -5*n(l) - 2*u(l). Is 16 a factor of a(-3)?
True
Let u(c) = -2*c + 7. Let y be u(-3). Let h = y - 10. Suppose -2*i + 106 = h*r, -6*r + 216 = 4*i - r. Is 28 a factor of i?
False
Suppose 14 = -2*h + 4*f, 2*f = 2*h + 5*f - 21. Is (-2)/h + 7912/24 a multiple of 47?
True
Suppose -r = 6*r - 14. Suppose -2*y = 10, 2*u + r*u = 2*y + 222. Is 13 a factor of u + ((-4)/(-4) + -2)/1?
True
Suppose -7*k + 650 = -2115. Let q = k - 234. Let o = q - 96. Does 23 divide o?
False
Let d(m) = 5*m**2 - 11*m - 8. Let j be d(8). Does 8 divide (26/(-3))/((j/600)/(-14))?
False
Let r(q) = q**3 + 4*q**2 + 2*q - 3. Let w be r(-3). Suppose -55 = -u - w*u. Does 5 divide u?
True
Suppose 3*x - 3*l + 3 = 0, 5*l - 15 = -4*x + 26. Suppose 8 = -28*g + 26*g, x*g - 3084 = -5*t. Does 31 divide t?
True
Let p(q) = -q**2 - 12*q - 22. Let t be p(-9). Let u be (-2 - (-11)/t) + (-112)/(-40). Suppose 0 = 2*y - 151 - u. Is 7 a factor of y?
True
Let k = 36 + -34. Suppose -5*z = -2*m - 9, z - k*z + 18 = 5*m. Let x(o) = 9*o**2 - 2*o - 7. Is x(m) a multiple of 12?
False
Let t = -460 - -856. Let u = t - 214. Is 8 a factor of u?
False
Is 55 a factor of (12868/(-10))/(33 + 3652/(-110))?
False
Suppose -9*w - 83*w + 453100 = 0. Is w a multiple of 135?
False
Let v be (-37)/5 + (2/5)/1. Let c(y) = y**3 + 8*y**2 - 24*y + 7. Let u be c(v). Suppose 0 = -p - 6 + 2, -p = -4*h + u. Does 24 divide h?
False
Let o = 39 + -29. Suppose -3*j = 4*u - 3 - 11, 2*j = -3*u + o. Suppose -5*x - 3*m + 465 = -0*x, 0 = -5*x - j*m + 460. Does 12 divide x?
False
Let q = 227 - -399. Suppose -2*t + 314 = -9*s + 7*s, -4*t + 3*s + q = 0. Does 5 divide t?
True
Let i = -2908 - -6604. Is 28 a factor of i?
True
Suppose 31*y = 25*y + 20160. Does 16 divide y?
True
Let o be (-17)/(102/376) - 4/(-6). Is 62 a factor of ((-8)/48*o)/((-2)/(-192))?
True
Suppose -3990*v = -3989*v - 4239. Is 157 a factor of v?
True
Suppose 4*p + 356 = -0*p. Let w = p - -52. Let k = 53 + w. Does 8 divide k?
True
Is 8 a factor of 6/10 - 198156/(-140)?
True
Suppose 0 = 22*h + 7046 + 786. Let c = h + 499. Is c a multiple of 10?
False
Is 17 a factor of 2 - (160/6)/((-55)/15180)?
False
Let f be 1 + (-1 - -5) + -2. Suppose t - f*y = 38 - 10, 41 = 2*t - y. Is 3 a factor of t?
False
Suppose -5*c = 3*a - 17304, 3*a - 17325 = 292*c - 290*c. Is 12 a factor of a?
False
Suppose -12 = -2*o + g, -3*o = -6*o + g + 16. Let v(p) = 2*p**3 - 6*p**2 + p + 18. Is v(o) a multiple of 10?
False
Let h(i) = -i**3 + 15*i**2 - 15*i + 20. Let x = -10 - -20. Let p be h(x). Suppose 5*o - p = 195. Is 12 a factor of o?
False
Let t be ((0 - 1)/2)/((-13)/(-104)). Let j be (t/6 + 0)/(6/(-63)). Suppose -50 = 2*s - j*s. Does 10 divide s?
True
Suppose -53 + 53 = -t. Suppose t = -g - 4, 2*p + 19*g - 16*g = 1276. Is p a multiple of 33?
False
Suppose 4*n = -5*i + 27163, -4*n - 10289 + 26574 = 3*i. Does 3 divide i?
True
Does 7 divide (72/10 - 1)*3537 + (-484)/1210?
False
Let h(o) be the second derivative of 3*o**4/2 - 14*o**3/3 + 55*o**2 - 20*o + 4. Is 28 a factor of h(5)?
True
Suppose -3*i - s + 1327 = 0, -4*s = i + 2*i - 1312. Suppose 3*r + 5*n + 11 = i, 2*r = 5*n + 297. Is 12 a factor of r?
False
Let f(q) = 2*q**3 + 3*q**2 - 5*q + 182. Does 17 